{"id":3224,"date":"2021-02-17T17:00:43","date_gmt":"2021-02-17T23:00:43","guid":{"rendered":"https:\/\/www.mastertecmx.com.mx\/tienda\/?page_id=3224"},"modified":"2021-11-01T13:44:47","modified_gmt":"2021-11-01T19:44:47","slug":"productos-disponibles","status":"publish","type":"page","link":"https:\/\/www.mastertecmx.com.mx\/tienda\/productos-disponibles\/","title":{"rendered":"Productos Disponibles"},"content":{"rendered":"\t\t<div data-elementor-type=\"wp-page\" data-elementor-id=\"3224\" class=\"elementor elementor-3224\">\n\t\t\t\t\t\t<section class=\"elementor-section elementor-top-section elementor-element elementor-element-f604151 elementor-section-boxed elementor-section-height-default elementor-section-height-default\" data-id=\"f604151\" data-element_type=\"section\">\n\t\t\t\t\t\t<div class=\"elementor-container elementor-column-gap-default\">\n\t\t\t\t\t<div class=\"elementor-column elementor-col-100 elementor-top-column elementor-element elementor-element-1d300b2\" data-id=\"1d300b2\" data-element_type=\"column\">\n\t\t\t<div class=\"elementor-widget-wrap elementor-element-populated\">\n\t\t\t\t\t\t<div class=\"elementor-element elementor-element-e98c840 elementor-widget elementor-widget-rt-product-isotope\" data-id=\"e98c840\" data-element_type=\"widget\" data-widget_type=\"rt-product-isotope.default\">\n\t\t\t\t<div class=\"elementor-widget-container\">\n\t\t\t\t\t<div class=\"rt-el-product-isotope rt-el-isotope-container rtin-layout-2\">\r\n\t<div class=\"rtin-navs-area\">\r\n\t\t<div class=\"rt-el-isotope-tab rtin-navs\">\r\n\t\t\t\t\t\t\t\t\t<a href=\"#\" data-filter=\"*\" class=\"current\">Todos<\/a>\r\n\t\t\t\t\t\t\t\r\n\t\t\t\t\t\t\t<a href=\"#\" data-filter=\".177808626729-skold\">Sk\u00f6ld<\/a>\r\n\t\t\t\t\t\t\t<a href=\"#\" data-filter=\".177808626729-concentrador-de-oxigeno\">Concentrador de Oxigeno<\/a>\r\n\t\t\t\t\t<\/div>\r\n\r\n\t\t\t<\/div>\r\n\r\n\t<div class=\"row rt-el-isotope-wrapper\">\r\n\t\t\t\t\t\t\t\t\t\t\t\t\t<div class=\"col-xl-3 col-lg-3 col-md-4 col-sm-6 col-12 177808626729-concentrador-de-oxigeno product type-product post-3549 status-publish first instock product_cat-concentrador-de-oxigeno has-post-thumbnail sale shipping-taxable purchasable product-type-simple\">\r\n\t\t\t\t\t<div class=\"rt-product-block rt-product-block-4\">\r\n\r\n\t<div class=\"rtin-thumb-wrapper\">\r\n\t\t<div class=\"rtin-thumb\">\r\n\t\t\t            <div class=\"rt-slick-slider\" data-slick=\"{&quot;slidesToShow&quot;:1,&quot;prevArrow&quot;:&quot;&lt;button type=\\&quot;button\\&quot; class=\\&quot;slick-prev\\&quot;&gt;&lt;i class=\\&quot;fa fa-chevron-left\\&quot;&gt;&lt;\\\/i&gt;&lt;\\\/button&gt;&quot;,&quot;nextArrow&quot;:&quot;&lt;button type=\\&quot;button\\&quot; class=\\&quot;slick-next\\&quot;&gt;&lt;i class=\\&quot;fa fa-chevron-right\\&quot;&gt;&lt;\\\/i&gt;&lt;\\\/button&gt;&quot;,&quot;dots&quot;:false,&quot;rtl&quot;:false}\">\r\n\t\t\t\t                    <a href=\"https:\/\/www.mastertecmx.com.mx\/tienda\/producto\/concentrador-de-oxigeno-de-5-litros\/\"><img fetchpriority=\"high\" decoding=\"async\" width=\"400\" height=\"400\" src=\"https:\/\/www.mastertecmx.com.mx\/tienda\/wp-content\/uploads\/2021\/03\/concentrador-de-oxigeno-de-5-litros-400x400.jpg\" class=\"attachment-woocommerce_thumbnail size-woocommerce_thumbnail wp-post-image\" alt=\"concentrador de oxigeno-de-5-litros\" srcset=\"https:\/\/www.mastertecmx.com.mx\/tienda\/wp-content\/uploads\/2021\/03\/concentrador-de-oxigeno-de-5-litros-400x400.jpg 400w, https:\/\/www.mastertecmx.com.mx\/tienda\/wp-content\/uploads\/2021\/03\/concentrador-de-oxigeno-de-5-litros-150x150.jpg 150w, https:\/\/www.mastertecmx.com.mx\/tienda\/wp-content\/uploads\/2021\/03\/concentrador-de-oxigeno-de-5-litros-600x600.jpg 600w, https:\/\/www.mastertecmx.com.mx\/tienda\/wp-content\/uploads\/2021\/03\/concentrador-de-oxigeno-de-5-litros-300x300.jpg 300w, https:\/\/www.mastertecmx.com.mx\/tienda\/wp-content\/uploads\/2021\/03\/concentrador-de-oxigeno-de-5-litros-1024x1024.jpg 1024w, https:\/\/www.mastertecmx.com.mx\/tienda\/wp-content\/uploads\/2021\/03\/concentrador-de-oxigeno-de-5-litros-768x768.jpg 768w, https:\/\/www.mastertecmx.com.mx\/tienda\/wp-content\/uploads\/2021\/03\/concentrador-de-oxigeno-de-5-litros.jpg 1200w\" sizes=\"(max-width: 400px) 100vw, 400px\" \/><\/a>\r\n\t\t\t\t                    <a href=\"https:\/\/www.mastertecmx.com.mx\/tienda\/producto\/concentrador-de-oxigeno-de-5-litros\/\"><img decoding=\"async\" width=\"400\" height=\"400\" src=\"https:\/\/www.mastertecmx.com.mx\/tienda\/wp-content\/uploads\/2021\/03\/concentrador-de-oxigeno-de-5-litros-2-400x400.jpg\" class=\"attachment-woocommerce_thumbnail size-woocommerce_thumbnail wp-post-image\" alt=\"concentrador de oxigeno-de-5-litros-2\" srcset=\"https:\/\/www.mastertecmx.com.mx\/tienda\/wp-content\/uploads\/2021\/03\/concentrador-de-oxigeno-de-5-litros-2-400x400.jpg 400w, https:\/\/www.mastertecmx.com.mx\/tienda\/wp-content\/uploads\/2021\/03\/concentrador-de-oxigeno-de-5-litros-2-150x150.jpg 150w, https:\/\/www.mastertecmx.com.mx\/tienda\/wp-content\/uploads\/2021\/03\/concentrador-de-oxigeno-de-5-litros-2-600x600.jpg 600w, https:\/\/www.mastertecmx.com.mx\/tienda\/wp-content\/uploads\/2021\/03\/concentrador-de-oxigeno-de-5-litros-2-300x300.jpg 300w, https:\/\/www.mastertecmx.com.mx\/tienda\/wp-content\/uploads\/2021\/03\/concentrador-de-oxigeno-de-5-litros-2-1024x1024.jpg 1024w, https:\/\/www.mastertecmx.com.mx\/tienda\/wp-content\/uploads\/2021\/03\/concentrador-de-oxigeno-de-5-litros-2-768x768.jpg 768w, https:\/\/www.mastertecmx.com.mx\/tienda\/wp-content\/uploads\/2021\/03\/concentrador-de-oxigeno-de-5-litros-2.jpg 1200w\" sizes=\"(max-width: 400px) 100vw, 400px\" \/><\/a>\r\n\t\t\t\t                    <a href=\"https:\/\/www.mastertecmx.com.mx\/tienda\/producto\/concentrador-de-oxigeno-de-5-litros\/\"><img decoding=\"async\" width=\"400\" height=\"400\" src=\"https:\/\/www.mastertecmx.com.mx\/tienda\/wp-content\/uploads\/2021\/03\/concentrador-de-oxigeno-de-5-litros-3-400x400.jpg\" class=\"attachment-woocommerce_thumbnail size-woocommerce_thumbnail wp-post-image\" alt=\"concentrador de oxigeno-de-5-litros-3\" srcset=\"https:\/\/www.mastertecmx.com.mx\/tienda\/wp-content\/uploads\/2021\/03\/concentrador-de-oxigeno-de-5-litros-3-400x400.jpg 400w, https:\/\/www.mastertecmx.com.mx\/tienda\/wp-content\/uploads\/2021\/03\/concentrador-de-oxigeno-de-5-litros-3-150x150.jpg 150w, https:\/\/www.mastertecmx.com.mx\/tienda\/wp-content\/uploads\/2021\/03\/concentrador-de-oxigeno-de-5-litros-3-600x600.jpg 600w, https:\/\/www.mastertecmx.com.mx\/tienda\/wp-content\/uploads\/2021\/03\/concentrador-de-oxigeno-de-5-litros-3-300x300.jpg 300w, https:\/\/www.mastertecmx.com.mx\/tienda\/wp-content\/uploads\/2021\/03\/concentrador-de-oxigeno-de-5-litros-3-1024x1024.jpg 1024w, https:\/\/www.mastertecmx.com.mx\/tienda\/wp-content\/uploads\/2021\/03\/concentrador-de-oxigeno-de-5-litros-3-768x768.jpg 768w, https:\/\/www.mastertecmx.com.mx\/tienda\/wp-content\/uploads\/2021\/03\/concentrador-de-oxigeno-de-5-litros-3.jpg 1200w\" sizes=\"(max-width: 400px) 100vw, 400px\" \/><\/a>\r\n\t\t\t\t                    <a href=\"https:\/\/www.mastertecmx.com.mx\/tienda\/producto\/concentrador-de-oxigeno-de-5-litros\/\"><img loading=\"lazy\" decoding=\"async\" width=\"400\" height=\"400\" src=\"https:\/\/www.mastertecmx.com.mx\/tienda\/wp-content\/uploads\/2021\/03\/concentrador-de-oxigeno-de-5-litros-4-400x400.jpg\" class=\"attachment-woocommerce_thumbnail size-woocommerce_thumbnail wp-post-image\" alt=\"concentrador de oxigeno-de-5-litros-4\" srcset=\"https:\/\/www.mastertecmx.com.mx\/tienda\/wp-content\/uploads\/2021\/03\/concentrador-de-oxigeno-de-5-litros-4-400x400.jpg 400w, https:\/\/www.mastertecmx.com.mx\/tienda\/wp-content\/uploads\/2021\/03\/concentrador-de-oxigeno-de-5-litros-4-150x150.jpg 150w, https:\/\/www.mastertecmx.com.mx\/tienda\/wp-content\/uploads\/2021\/03\/concentrador-de-oxigeno-de-5-litros-4-600x600.jpg 600w, https:\/\/www.mastertecmx.com.mx\/tienda\/wp-content\/uploads\/2021\/03\/concentrador-de-oxigeno-de-5-litros-4-300x300.jpg 300w, https:\/\/www.mastertecmx.com.mx\/tienda\/wp-content\/uploads\/2021\/03\/concentrador-de-oxigeno-de-5-litros-4-1024x1024.jpg 1024w, https:\/\/www.mastertecmx.com.mx\/tienda\/wp-content\/uploads\/2021\/03\/concentrador-de-oxigeno-de-5-litros-4-768x768.jpg 768w, https:\/\/www.mastertecmx.com.mx\/tienda\/wp-content\/uploads\/2021\/03\/concentrador-de-oxigeno-de-5-litros-4.jpg 1200w\" sizes=\"(max-width: 400px) 100vw, 400px\" \/><\/a>\r\n\t\t\t\t                    <a href=\"https:\/\/www.mastertecmx.com.mx\/tienda\/producto\/concentrador-de-oxigeno-de-5-litros\/\"><img loading=\"lazy\" decoding=\"async\" width=\"400\" height=\"400\" src=\"https:\/\/www.mastertecmx.com.mx\/tienda\/wp-content\/uploads\/2021\/03\/concentrador-de-oxigeno-de-5-litros-5-400x400.jpg\" class=\"attachment-woocommerce_thumbnail size-woocommerce_thumbnail wp-post-image\" alt=\"concentrador de oxigeno-de-5-litros-5\" srcset=\"https:\/\/www.mastertecmx.com.mx\/tienda\/wp-content\/uploads\/2021\/03\/concentrador-de-oxigeno-de-5-litros-5-400x400.jpg 400w, https:\/\/www.mastertecmx.com.mx\/tienda\/wp-content\/uploads\/2021\/03\/concentrador-de-oxigeno-de-5-litros-5-150x150.jpg 150w, https:\/\/www.mastertecmx.com.mx\/tienda\/wp-content\/uploads\/2021\/03\/concentrador-de-oxigeno-de-5-litros-5-600x600.jpg 600w, https:\/\/www.mastertecmx.com.mx\/tienda\/wp-content\/uploads\/2021\/03\/concentrador-de-oxigeno-de-5-litros-5-300x300.jpg 300w, https:\/\/www.mastertecmx.com.mx\/tienda\/wp-content\/uploads\/2021\/03\/concentrador-de-oxigeno-de-5-litros-5-1024x1024.jpg 1024w, https:\/\/www.mastertecmx.com.mx\/tienda\/wp-content\/uploads\/2021\/03\/concentrador-de-oxigeno-de-5-litros-5-768x768.jpg 768w, https:\/\/www.mastertecmx.com.mx\/tienda\/wp-content\/uploads\/2021\/03\/concentrador-de-oxigeno-de-5-litros-5.jpg 1200w\" sizes=\"(max-width: 400px) 100vw, 400px\" \/><\/a>\r\n\t\t\t\t            <\/div>\r\n\t\t\t\t\t<\/div>\r\n\t\t\n\t<span class=\"onsale\">-38%<\/span>\n\t\r\n\t\t<div class=\"rtin-buttons\">\r\n\t\t\t<a href=\"https:\/\/www.mastertecmx.com.mx\/tienda\/lista-de-deseos\/\" title=\"A\u00f1adir a la Lista de Deseos\" rel=\"nofollow\" data-product-id=\"3549\" data-title-after=\"Aleady exists in Wishlist! Click here to view Wishlist\" class=\"rdtheme-wishlist-icon rdtheme-add-to-wishlist\" data-nonce=\"2630463669\">\r\n\t<span class=\"icon wishlist-icon fa fa-heart-o\"><\/span><span class=\"ajax-loading fa fa-spinner fa-spin\"><\/span><\/a><a rel=\"nofollow\" title=\"A\u00f1adir al carrito\" href=\"https:\/\/www.mastertecmx.com.mx\/tienda\/wp-json\/wp\/v2\/pages\/3224\/?add-to-cart=3549\" data-quantity=\"1\" data-product_id=\"3549\" data-product_sku=\"OZ-5-01PW0\" class=\"action-cart button product_type_variable rtwpvs_add_to_cart rtwpvs_ajax_add_to_cart  product_type_simple add_to_cart_button ajax_add_to_cart\"><span>A\u00f1adir al carrito<\/span><\/a>            <a href=\"#\" class=\"yith-wcqv-button\" data-product_id=\"3549\" title=\"Vista R\u00e1pida\"><span class=\"icon flaticon-search\"><\/span><\/a>\r\n\t\t\t\t<\/div>\r\n\t<\/div>\r\n\r\n\t<div class=\"rtin-contents\">\r\n\r\n\t\t\t\t\t\t\t\t<h3 class=\"rtin-title\"><a href=\"https:\/\/www.mastertecmx.com.mx\/tienda\/producto\/concentrador-de-oxigeno-de-5-litros\/\">Concentrador de Oxigeno de 5 litros<\/a><\/h3>\r\n\t\t        <div class=\"rtsb-qc-ps\">\r\n\t\t\t\t\t\t        <\/div>\r\n        \t\t\t<div class=\"rtin-cat\">Concentrador de Oxigeno<\/div>\r\n\t\t\r\n\t\t\r\n\t\t\t\t\t<div class=\"rtin-price price\"><del aria-hidden=\"true\"><span class=\"woocommerce-Price-amount amount\"><span class=\"woocommerce-Price-currencySymbol\">&#036;<\/span>24,360.00<\/span><\/del> <span class=\"screen-reader-text\">Original price was: &#036;24,360.00.<\/span><ins aria-hidden=\"true\"><span class=\"woocommerce-Price-amount amount\"><span class=\"woocommerce-Price-currencySymbol\">&#036;<\/span>15,225.00<\/span><\/ins><span class=\"screen-reader-text\">Current price is: &#036;15,225.00.<\/span><\/div>\r\n\t\t\t<\/div>\r\n\t\r\n<\/div>\t\t\t\t<\/div>\r\n\t\t\t\t\t\t\t\t<\/div>\r\n\r\n\t\t\r\n<\/div>\t\t\t\t<\/div>\n\t\t\t\t<\/div>\n\t\t\t\t\t<\/div>\n\t\t<\/div>\n\t\t\t\t\t<\/div>\n\t\t<\/section>\n\t\t\t\t<\/div>\n\t\t","protected":false},"excerpt":{"rendered":"<p>Todos Dr\u00e4ger Sk\u00f6ld Concentrador de Oxigeno -10% A\u00f1adir al carrito Concentrador de Oxigeno de 5 litros Concentrador de Oxigeno $24,360.00 $21,924.00 A\u00f1adir al carrito Tubos de Vapor de Agua 20-200mg\/m3 \u2013 8103061 Dr\u00e4ger $1,882.00 A\u00f1adir al carrito Tubos de Monoxido de Carbono 5-150 PPM \u2013 6728511 Dr\u00e4ger $2,278.00 Seleccionar opciones Polaina Viborera Venom Tradicional Sk\u00f6ld &#8230;<\/p>\n","protected":false},"author":1,"featured_media":0,"parent":0,"menu_order":0,"comment_status":"closed","ping_status":"closed","template":"","meta":{"footnotes":""},"class_list":["post-3224","page","type-page","status-publish","hentry"],"yoast_head":"<!-- This site is optimized with the Yoast SEO plugin v26.4 - https:\/\/yoast.com\/wordpress\/plugins\/seo\/ -->\n<title>Productos Disponibles - Tienda Mastertec<\/title>\n<meta name=\"robots\" content=\"index, follow, max-snippet:-1, max-image-preview:large, max-video-preview:-1\" \/>\n<link rel=\"canonical\" href=\"https:\/\/www.mastertecmx.com.mx\/tienda\/productos-disponibles\/\" \/>\n<meta property=\"og:locale\" content=\"es_MX\" \/>\n<meta property=\"og:type\" content=\"article\" \/>\n<meta property=\"og:title\" content=\"Productos Disponibles - Tienda Mastertec\" \/>\n<meta property=\"og:description\" content=\"Todos Dr\u00e4ger Sk\u00f6ld Concentrador de Oxigeno -10% A\u00f1adir al carrito Concentrador de Oxigeno de 5 litros Concentrador de Oxigeno $24,360.00 $21,924.00 A\u00f1adir al carrito Tubos de Vapor de Agua 20-200mg\/m3 \u2013 8103061 Dr\u00e4ger $1,882.00 A\u00f1adir al carrito Tubos de Monoxido de Carbono 5-150 PPM \u2013 6728511 Dr\u00e4ger $2,278.00 Seleccionar opciones Polaina Viborera Venom Tradicional Sk\u00f6ld ...\" \/>\n<meta property=\"og:url\" content=\"https:\/\/www.mastertecmx.com.mx\/tienda\/productos-disponibles\/\" \/>\n<meta property=\"og:site_name\" content=\"Tienda Mastertec\" \/>\n<meta property=\"article:publisher\" content=\"https:\/\/www.facebook.com\/mastertecmx\" \/>\n<meta property=\"article:modified_time\" content=\"2021-11-01T19:44:47+00:00\" \/>\n<meta property=\"og:image\" content=\"https:\/\/www.mastertecmx.com.mx\/tienda\/wp-content\/uploads\/2021\/03\/concentrador-de-oxigeno-de-5-litros-400x400.jpg\" \/>\n<meta name=\"twitter:card\" content=\"summary_large_image\" \/>\n<meta name=\"twitter:site\" content=\"@ventasmastertec\" \/>\n<script type=\"application\/ld+json\" class=\"yoast-schema-graph\">{\"@context\":\"https:\/\/schema.org\",\"@graph\":[{\"@type\":\"WebPage\",\"@id\":\"https:\/\/www.mastertecmx.com.mx\/tienda\/productos-disponibles\/\",\"url\":\"https:\/\/www.mastertecmx.com.mx\/tienda\/productos-disponibles\/\",\"name\":\"Productos Disponibles - Tienda Mastertec\",\"isPartOf\":{\"@id\":\"https:\/\/www.mastertecmx.com.mx\/tienda\/#website\"},\"primaryImageOfPage\":{\"@id\":\"https:\/\/www.mastertecmx.com.mx\/tienda\/productos-disponibles\/#primaryimage\"},\"image\":{\"@id\":\"https:\/\/www.mastertecmx.com.mx\/tienda\/productos-disponibles\/#primaryimage\"},\"thumbnailUrl\":\"https:\/\/www.mastertecmx.com.mx\/tienda\/wp-content\/uploads\/2021\/03\/concentrador-de-oxigeno-de-5-litros-400x400.jpg\",\"datePublished\":\"2021-02-17T23:00:43+00:00\",\"dateModified\":\"2021-11-01T19:44:47+00:00\",\"breadcrumb\":{\"@id\":\"https:\/\/www.mastertecmx.com.mx\/tienda\/productos-disponibles\/#breadcrumb\"},\"inLanguage\":\"es\",\"potentialAction\":[{\"@type\":\"ReadAction\",\"target\":[\"https:\/\/www.mastertecmx.com.mx\/tienda\/productos-disponibles\/\"]}]},{\"@type\":\"ImageObject\",\"inLanguage\":\"es\",\"@id\":\"https:\/\/www.mastertecmx.com.mx\/tienda\/productos-disponibles\/#primaryimage\",\"url\":\"https:\/\/www.mastertecmx.com.mx\/tienda\/wp-content\/uploads\/2021\/03\/concentrador-de-oxigeno-de-5-litros.jpg\",\"contentUrl\":\"https:\/\/www.mastertecmx.com.mx\/tienda\/wp-content\/uploads\/2021\/03\/concentrador-de-oxigeno-de-5-litros.jpg\",\"width\":1200,\"height\":1200,\"caption\":\"concentrador de oxigeno-de-5-litros\"},{\"@type\":\"BreadcrumbList\",\"@id\":\"https:\/\/www.mastertecmx.com.mx\/tienda\/productos-disponibles\/#breadcrumb\",\"itemListElement\":[{\"@type\":\"ListItem\",\"position\":1,\"name\":\"Inicio\",\"item\":\"https:\/\/www.mastertecmx.com.mx\/tienda\/\"},{\"@type\":\"ListItem\",\"position\":2,\"name\":\"Productos Disponibles\"}]},{\"@type\":\"WebSite\",\"@id\":\"https:\/\/www.mastertecmx.com.mx\/tienda\/#website\",\"url\":\"https:\/\/www.mastertecmx.com.mx\/tienda\/\",\"name\":\"Tienda Mastertec\",\"description\":\"Dickies,Red Kap, Dr\u00e4ger, Sk\u00f6ld, Blauer y Duramax\",\"publisher\":{\"@id\":\"https:\/\/www.mastertecmx.com.mx\/tienda\/#organization\"},\"potentialAction\":[{\"@type\":\"SearchAction\",\"target\":{\"@type\":\"EntryPoint\",\"urlTemplate\":\"https:\/\/www.mastertecmx.com.mx\/tienda\/?s={search_term_string}\"},\"query-input\":{\"@type\":\"PropertyValueSpecification\",\"valueRequired\":true,\"valueName\":\"search_term_string\"}}],\"inLanguage\":\"es\"},{\"@type\":\"Organization\",\"@id\":\"https:\/\/www.mastertecmx.com.mx\/tienda\/#organization\",\"name\":\"Tienda Mastertec\",\"url\":\"https:\/\/www.mastertecmx.com.mx\/tienda\/\",\"logo\":{\"@type\":\"ImageObject\",\"inLanguage\":\"es\",\"@id\":\"https:\/\/www.mastertecmx.com.mx\/tienda\/#\/schema\/logo\/image\/\",\"url\":\"https:\/\/www.mastertecmx.com.mx\/tienda\/wp-content\/uploads\/2021\/01\/mttc-logo@2x.png\",\"contentUrl\":\"https:\/\/www.mastertecmx.com.mx\/tienda\/wp-content\/uploads\/2021\/01\/mttc-logo@2x.png\",\"width\":200,\"height\":92,\"caption\":\"Tienda Mastertec\"},\"image\":{\"@id\":\"https:\/\/www.mastertecmx.com.mx\/tienda\/#\/schema\/logo\/image\/\"},\"sameAs\":[\"https:\/\/www.facebook.com\/mastertecmx\",\"https:\/\/x.com\/ventasmastertec\",\"https:\/\/www.instagram.com\/mastertecmexico\",\"https:\/\/www.linkedin.com\/company\/37902264\/admin\/feed\/posts\/\"]}]}<\/script>\n<!-- \/ Yoast SEO plugin. -->","yoast_head_json":{"title":"Productos Disponibles - Tienda Mastertec","robots":{"index":"index","follow":"follow","max-snippet":"max-snippet:-1","max-image-preview":"max-image-preview:large","max-video-preview":"max-video-preview:-1"},"canonical":"https:\/\/www.mastertecmx.com.mx\/tienda\/productos-disponibles\/","og_locale":"es_MX","og_type":"article","og_title":"Productos Disponibles - Tienda Mastertec","og_description":"Todos Dr\u00e4ger Sk\u00f6ld Concentrador de Oxigeno -10% A\u00f1adir al carrito Concentrador de Oxigeno de 5 litros Concentrador de Oxigeno $24,360.00 $21,924.00 A\u00f1adir al carrito Tubos de Vapor de Agua 20-200mg\/m3 \u2013 8103061 Dr\u00e4ger $1,882.00 A\u00f1adir al carrito Tubos de Monoxido de Carbono 5-150 PPM \u2013 6728511 Dr\u00e4ger $2,278.00 Seleccionar opciones Polaina Viborera Venom Tradicional Sk\u00f6ld ...","og_url":"https:\/\/www.mastertecmx.com.mx\/tienda\/productos-disponibles\/","og_site_name":"Tienda Mastertec","article_publisher":"https:\/\/www.facebook.com\/mastertecmx","article_modified_time":"2021-11-01T19:44:47+00:00","og_image":[{"url":"https:\/\/www.mastertecmx.com.mx\/tienda\/wp-content\/uploads\/2021\/03\/concentrador-de-oxigeno-de-5-litros-400x400.jpg","type":"","width":"","height":""}],"twitter_card":"summary_large_image","twitter_site":"@ventasmastertec","schema":{"@context":"https:\/\/schema.org","@graph":[{"@type":"WebPage","@id":"https:\/\/www.mastertecmx.com.mx\/tienda\/productos-disponibles\/","url":"https:\/\/www.mastertecmx.com.mx\/tienda\/productos-disponibles\/","name":"Productos Disponibles - Tienda Mastertec","isPartOf":{"@id":"https:\/\/www.mastertecmx.com.mx\/tienda\/#website"},"primaryImageOfPage":{"@id":"https:\/\/www.mastertecmx.com.mx\/tienda\/productos-disponibles\/#primaryimage"},"image":{"@id":"https:\/\/www.mastertecmx.com.mx\/tienda\/productos-disponibles\/#primaryimage"},"thumbnailUrl":"https:\/\/www.mastertecmx.com.mx\/tienda\/wp-content\/uploads\/2021\/03\/concentrador-de-oxigeno-de-5-litros-400x400.jpg","datePublished":"2021-02-17T23:00:43+00:00","dateModified":"2021-11-01T19:44:47+00:00","breadcrumb":{"@id":"https:\/\/www.mastertecmx.com.mx\/tienda\/productos-disponibles\/#breadcrumb"},"inLanguage":"es","potentialAction":[{"@type":"ReadAction","target":["https:\/\/www.mastertecmx.com.mx\/tienda\/productos-disponibles\/"]}]},{"@type":"ImageObject","inLanguage":"es","@id":"https:\/\/www.mastertecmx.com.mx\/tienda\/productos-disponibles\/#primaryimage","url":"https:\/\/www.mastertecmx.com.mx\/tienda\/wp-content\/uploads\/2021\/03\/concentrador-de-oxigeno-de-5-litros.jpg","contentUrl":"https:\/\/www.mastertecmx.com.mx\/tienda\/wp-content\/uploads\/2021\/03\/concentrador-de-oxigeno-de-5-litros.jpg","width":1200,"height":1200,"caption":"concentrador de oxigeno-de-5-litros"},{"@type":"BreadcrumbList","@id":"https:\/\/www.mastertecmx.com.mx\/tienda\/productos-disponibles\/#breadcrumb","itemListElement":[{"@type":"ListItem","position":1,"name":"Inicio","item":"https:\/\/www.mastertecmx.com.mx\/tienda\/"},{"@type":"ListItem","position":2,"name":"Productos Disponibles"}]},{"@type":"WebSite","@id":"https:\/\/www.mastertecmx.com.mx\/tienda\/#website","url":"https:\/\/www.mastertecmx.com.mx\/tienda\/","name":"Tienda Mastertec","description":"Dickies,Red Kap, Dr\u00e4ger, Sk\u00f6ld, Blauer y Duramax","publisher":{"@id":"https:\/\/www.mastertecmx.com.mx\/tienda\/#organization"},"potentialAction":[{"@type":"SearchAction","target":{"@type":"EntryPoint","urlTemplate":"https:\/\/www.mastertecmx.com.mx\/tienda\/?s={search_term_string}"},"query-input":{"@type":"PropertyValueSpecification","valueRequired":true,"valueName":"search_term_string"}}],"inLanguage":"es"},{"@type":"Organization","@id":"https:\/\/www.mastertecmx.com.mx\/tienda\/#organization","name":"Tienda Mastertec","url":"https:\/\/www.mastertecmx.com.mx\/tienda\/","logo":{"@type":"ImageObject","inLanguage":"es","@id":"https:\/\/www.mastertecmx.com.mx\/tienda\/#\/schema\/logo\/image\/","url":"https:\/\/www.mastertecmx.com.mx\/tienda\/wp-content\/uploads\/2021\/01\/mttc-logo@2x.png","contentUrl":"https:\/\/www.mastertecmx.com.mx\/tienda\/wp-content\/uploads\/2021\/01\/mttc-logo@2x.png","width":200,"height":92,"caption":"Tienda Mastertec"},"image":{"@id":"https:\/\/www.mastertecmx.com.mx\/tienda\/#\/schema\/logo\/image\/"},"sameAs":["https:\/\/www.facebook.com\/mastertecmx","https:\/\/x.com\/ventasmastertec","https:\/\/www.instagram.com\/mastertecmexico","https:\/\/www.linkedin.com\/company\/37902264\/admin\/feed\/posts\/"]}]}},"_links":{"self":[{"href":"https:\/\/www.mastertecmx.com.mx\/tienda\/wp-json\/wp\/v2\/pages\/3224","targetHints":{"allow":["GET"]}}],"collection":[{"href":"https:\/\/www.mastertecmx.com.mx\/tienda\/wp-json\/wp\/v2\/pages"}],"about":[{"href":"https:\/\/www.mastertecmx.com.mx\/tienda\/wp-json\/wp\/v2\/types\/page"}],"author":[{"embeddable":true,"href":"https:\/\/www.mastertecmx.com.mx\/tienda\/wp-json\/wp\/v2\/users\/1"}],"replies":[{"embeddable":true,"href":"https:\/\/www.mastertecmx.com.mx\/tienda\/wp-json\/wp\/v2\/comments?post=3224"}],"version-history":[{"count":13,"href":"https:\/\/www.mastertecmx.com.mx\/tienda\/wp-json\/wp\/v2\/pages\/3224\/revisions"}],"predecessor-version":[{"id":3619,"href":"https:\/\/www.mastertecmx.com.mx\/tienda\/wp-json\/wp\/v2\/pages\/3224\/revisions\/3619"}],"wp:attachment":[{"href":"https:\/\/www.mastertecmx.com.mx\/tienda\/wp-json\/wp\/v2\/media?parent=3224"}],"curies":[{"name":"wp","href":"https:\/\/api.w.org\/{rel}","templated":true}]}}